 Suppose 16 = -c + z*c. Calculate the greatest common factor of 36 and c.
4
Let a = 29 + -49. Let w be 37/5 - a/(-50). Calculate the greatest common divisor of w and 70.
7
Let a = 57 - 25. Calculate the greatest common divisor of a and 16.
16
Let n be ((-6 - 0) + -4)/(-1). What is the greatest common factor of n and 20?
10
Let n(y) = 3*y - 5. Let d be n(9). Calculate the highest common factor of 33 and d.
11
Suppose 321 = 14*y - 15. Let v(j) = -j**3 + 12*j**2 + j - 6. Let t be v(6). What is the highest common factor of y and t?
24
Let l be -23*(-2 + 1) + 2. Let w(q) = -q**3 + 10*q**2 + 10*q + 13. Let u be w(11). Suppose -5*p + 700 = u*p. What is the greatest common divisor of p and l?
25
Suppose -297 = -5*k + 2*k. Let s be (22/6)/(2 - 30/18). What is the highest common divisor of k and s?
11
Let m be 4/14 + 1064/49. Calculate the highest common factor of m and 88.
22
Let d = -121 + -13. Let g = d - -239. What is the highest common factor of g and 21?
21
Suppose -x = -4 - 32. Suppose 0 = -i + 4*i - x. Let w be (9/(-3))/(1/(-8)). Calculate the highest common factor of i and w.
12
Suppose 134 + 82 = 4*f. Calculate the highest common factor of f and 6.
6
Let o = -19 + 31. Let l = 21 - o. What is the greatest common divisor of 3 and l?
3
Suppose -2*r - 5*s = -24, 0 = -0*r - r + 5*s + 27. What is the greatest common divisor of 136 and r?
17
Let j = -41 - -170. Suppose -2*v - q = -67, -4*v + 0*q - 3*q = -j. Suppose u + 3*k - 24 = -k, -k + 39 = 3*u. What is the greatest common factor of u and v?
12
Let i(k) = k**3 - 3*k**2 - k. Let h be i(4). What is the highest common divisor of h and 2?
2
Suppose -7 - 35 = -7*q. What is the highest common divisor of 4 and q?
2
Let q(m) be the first derivative of 7*m**3/3 - m + 2. Let n be q(-1). Suppose -36 = -0*a - 3*a. Calculate the greatest common divisor of a and n.
6
Let j = 106 - 33. Suppose -72 = 5*y + j. Let v = -14 - y. What is the greatest common divisor of 105 and v?
15
Let h = 244 - 167. What is the highest common divisor of 11 and h?
11
Let d be -2 - 40/4*-1. What is the greatest common divisor of 88 and d?
8
Let m = 272 + -146. Suppose -4*x + 5*b + 22 = -x, -4*x + 5*b = -36. What is the greatest common divisor of x and m?
14
Let r be (0 - 3)*(-26)/6. Suppose 0 = -s - 5*t + 134 + 4, 0 = 2*s + 3*t - 283. Calculate the greatest common divisor of r and s.
13
Let a be 192/2 + (1 - -1). Suppose 4*p - 2400 = -g, -1913 = -3*p + 3*g - a. Suppose 0 = -5*z + 209 + p. What is the greatest common factor of 18 and z?
18
Let o(w) = w**3 - w + 8. Let a be o(0). Suppose 29 = 3*z + a. Calculate the greatest common divisor of 21 and z.
7
Suppose -x - 8 = -2*d, -34 = 5*x - 0*x - 4*d. Let b = x - -10. Calculate the greatest common factor of 32 and b.
4
Suppose 2*l - 16 = -3*w + 13, 0 = 4*l - w - 51. Calculate the highest common divisor of l and 91.
13
Let n(c) be the second derivative of 3/2*c**3 - c + 0 - 1/12*c**4 - 3/2*c**2. Let o be n(4). What is the highest common divisor of o and 153?
17
Let g(b) = b**3 + 8*b**2 - 6*b - 9. Let j be g(-8). What is the greatest common factor of j and 13?
13
Let x(f) = f**2 - 5*f**2 + 2*f**3 + 6 + 2*f**3 - 6*f - 3*f**3. Let c be x(5). What is the highest common divisor of 1 and c?
1
Let m(c) = 2 + 6*c + 8 + 5 - 5*c. Let j be m(0). What is the greatest common factor of j and 6?
3
Suppose -3*y + 0 + 6 = 0. Suppose -y*s + 53 = -109. What is the greatest common divisor of s and 9?
9
Suppose -29*f = -27*f - 24. What is the highest common divisor of f and 4?
4
Let g = 3 + -11. Let f = g - -11. Suppose 0 = 2*w + 2*v - 0*v - 32, 48 = 5*w - f*v. Calculate the greatest common factor of w and 96.
12
Suppose 0 = -3*s + 6*s - 72. Suppose -d - 4*w = -s, 3*d - 5*w = -0*d - 13. Calculate the greatest common factor of d and 6.
2
Let z(f) = f + 9. Let g(u) = -4. Let s(r) = 9*g(r) + 4*z(r). Let j be s(-1). Let x(q) = q**2 - 2. Let y be x(j). What is the greatest common divisor of 2 and y?
2
Let q be (-12)/(2/4 - 2). Calculate the highest common divisor of q and 64.
8
Suppose 0 = 5*i + c - 439, 6*c - 9*c + 349 = 4*i. What is the highest common factor of 8 and i?
8
Let u(j) = -j + 4. Let y be u(0). Suppose -38 = -4*w + 2*m, w - 7 = -y*m - 2. Let z = 81 + -18. What is the greatest common divisor of w and z?
9
Let f be (-1)/(-2) - (-99)/6. Let t = 31 - f. Suppose -2*z = -276 + 24. Calculate the greatest common divisor of z and t.
14
Suppose 0*x - 6 = -3*x. What is the greatest common divisor of 6 and x?
2
Let u = 3 + 1. Suppose 0 = 4*n - 4*t - 0*t - 744, 3*n - 565 = -u*t. Calculate the highest common divisor of n and 17.
17
Let i(y) = y**3 - 5*y**2 - 7*y + 3. Let f be i(6). Let t(s) = s - 5. Let c be t(4). Let m be f/5*15*c. Calculate the greatest common divisor of m and 9.
9
Let t(p) = 2*p**2 + 4*p - 4. Let l be t(5). Suppose -v = 3 - l. Calculate the greatest common divisor of v and 7.
7
Suppose 2*o - 7 = -5*s, 4*s + 18 - 2 = 2*o. Let j = -8 - -23. What is the greatest common factor of o and j?
3
Suppose 0 = -0*z - 5*z + 40. Suppose 74*k = 80*k - 384. Calculate the highest common divisor of k and z.
8
Let t(k) = -6*k + 1 + 2 + 2*k + 10*k**2 - 1. Let l be t(3). What is the highest common factor of l and 16?
16
Let s be 0 + 4 + 0 + 3. Calculate the greatest common factor of 1 and s.
1
Suppose 0 = -4*g + 109 + 191. What is the greatest common factor of g and 30?
15
Suppose 5*y - q + 13 = 73, 3*y + q - 36 = 0. Calculate the greatest common divisor of 30 and y.
6
Suppose 0 = -0*j + 3*j - 9. Suppose 4*x = -j*l + x + 54, 3*x = 0. What is the greatest common factor of 12 and l?
6
Suppose 3*q - 4*q + 5 = 0. Suppose -3*u + q*u + 8 = 0. Let v be 7*(u/2 + 3). Calculate the greatest common divisor of 1 and v.
1
Suppose -3*c + 6 = 0, -z = -2*c + 4*c - 16. Calculate the greatest common factor of z and 84.
12
Let s(i) = 12*i**3 - 3*i**2 + 3*i. Let d be s(2). What is the highest common divisor of d and 36?
18
Suppose 5*f - 2*f - 90 = 0. Suppose 4*p - 166 = -w - w, 5*w = -4*p + 391. Calculate the greatest common factor of w and f.
15
Let z(s) = s**2 + 4*s + 1. Suppose -4*b + 7 + 9 = 0. Suppose 2*k - 3 = -2*m - 9, 5*m + 24 = b*k. Let d be z(m). Calculate the highest common divisor of 2 and d.
1
Suppose 495 = 21*j - 16*j. What is the greatest common factor of j and 11?
11
Suppose -5*d + c = -28, 4*c + 4 = 2*d - 0*c. Let a be (1/(-2))/((-1)/480). Suppose a = d*f - f. What is the greatest common divisor of 12 and f?
12
Let u(s) = s**2 - 2*s. Let n be u(6). Suppose -j - 3*j = -n. Let g be (-16)/(2/j - 1). What is the greatest common divisor of 3 and g?
3
Suppose 0 = -2*h - 0 + 64. What is the highest common divisor of 48 and h?
16
Let n be 0 + -1 + (6 - 1). Let j = -21 - -83. Let p be j/14 + 3/(-7). Calculate the greatest common divisor of p and n.
4
Suppose -3*t + 142 = -2*l, t + 5*l = -3*t + 220. Calculate the greatest common factor of 10 and t.
10
Suppose -3*t + 35 = g, t + 1 - 8 = -5*g. What is the greatest common divisor of t and 60?
12
Let j = -82 + 88. What is the highest common factor of 24 and j?
6
Let h = 10 - 7. Suppose -h*w - 2*w = -35. Let b = 2 - -5. Calculate the highest common factor of w and b.
7
Suppose 0*o = 3*o - 21. Let m(r) = 2*r**2 + 8*r - 1. Let t be m(4). Calculate the highest common factor of o and t.
7
Suppose 0 = -0*c + 3*c - 123. Suppose -4*l = -4*x - c - 35, 5*l + x = 101. Calculate the greatest common factor of l and 5.
5
Suppose 4*w - 299 + 75 = 0. Let t = -20 + 28. What is the greatest common divisor of t and w?
8
Let o = 17 + 159. What is the highest common factor of o and 16?
16
Let a = -120 + 155. Calculate the greatest common divisor of 385 and a.
35
Suppose 0 = 4*y + 3*b, -3*y + 5*b = -2*y. Suppose y*p = p - u - 25, 0 = 4*p - 2*u - 92. Calculate the highest common factor of 3 and p.
3
Let j = -14 - -24. Let h be 1/((j/4)/(-5)). Let x be (1/h)/((-1)/6). What is the greatest common factor of 3 and x?
3
Let s(w) = 2*w**2 + 7*w + 5. Let k be s(-4). What is the highest common factor of k and 36?
9
Let r = 89 + -80. Let u = 37 - -35. What is the highest common divisor of u and r?
9
Let k(y) = -5*y + 1. Let j be k(-2). What is the highest common divisor of 44 and j?
11
Suppose -3*r - 2*n = 3*n + 7, 4*r + 3*n - 9 = 0. Let u = 10 + r. Let d be 382/6 - (-1)/3. What is the highest common divisor of